r when 101 is divided by y.
9
What is the remainder when (2/(-8))/(1/(-628)) is divided by 40?
37
Suppose 4 = -2*x - 0. Let g be (15/6 + x)*4. Suppose 0 = -g*d + 4*v - 0 + 2, -12 = -3*v. Calculate the remainder when 33 is divided by d.
6
Suppose -2*y - 619 = -705. Calculate the remainder when 79 is divided by y.
36
Suppose -b - 2*k + 50 = 0, -3*k = 3*b - 2*k - 135. Let g = 89 - b. What is the remainder when 178 is divided by g?
43
Let d = -10 + 14. Let z be 0 - (-156)/20 - (-1)/5. Calculate the remainder when (0 - 21)*(6 - z)/2 is divided by d.
1
Let q(z) = z**3 - 7*z**2 + 3*z - 1. Let h = 392 - 334. What is the remainder when h is divided by q(7)?
18
Suppose 448 = 15*w - w. Let b = -6 - -4. Calculate the remainder when w is divided by (-7)/(-4)*b*-2.
4
Suppose -4*q + 5*k = -61, 5*k + 51 - 18 = 2*q. What is the remainder when 28 is divided by q?
0
Suppose -10*z + 12*z - 34 = 4*r, 0 = -z + r + 19. Calculate the remainder when 46 is divided by z.
4
Let k(q) be the first derivative of -7 + 12*q - 1/3*q**3 - 7/2*q**2. What is the remainder when 18 is divided by k(-8)?
2
Let h(z) = 2*z - 11. Let l be h(7). Suppose 2 = l*f - 37. What is the remainder when f is divided by 3?
1
What is the remainder when (-136)/6*(1176/16)/(-7) is divided by 24?
22
Suppose 5*l + 16 = 13*l. What is the remainder when (-1)/(-3) + (-244)/(-6) is divided by (48/(-24))/(l*1/(-11))?
8
Suppose 316*v - 240 = 268*v. Suppose 0*g = 4*g + 5*l - 71, -4 = 4*l. What is the remainder when g is divided by v?
4
Let a = -465 + 479. What is the remainder when 166 is divided by a?
12
Let q = 372 + -259. Let g = -79 + q. Calculate the remainder when 100 is divided by g.
32
Let w = 23 + -9. Let t(o) be the third derivative of o**5/60 + 5*o**4/24 + 17*o**3/6 + o**2. What is the remainder when t(-8) is divided by w?
13
Let k = 209 - 71. What is the remainder when k + (1 + -10 - -5) is divided by 34?
32
Suppose 107 = 5*p - 2*f - 19, -f - 128 = -5*p. Let m = 33 - 23. What is the remainder when p is divided by m?
6
Suppose -8*w + 1758 - 286 = 0. What is the remainder when w is divided by 63?
58
Suppose -77*k + 78*k - 103 = 0. Let d = k - -30. What is the remainder when d is divided by 34?
31
Let h(l) be the third derivative of -l**6/120 + l**5/60 + l**4/24 + 17*l**3/6 - l**2. Calculate the remainder when h(0) is divided by 11.
6
Let a(p) be the third derivative of -p**4/8 + p**3/6 - p**2. Let g be a(-4). Calculate the remainder when 78 is divided by (21 - 0) + (-13)/g.
18
Let c(r) = -66*r - 170. What is the remainder when c(-4) is divided by 19?
18
Suppose 2*q + 3*h = 7*q + 43, -h = -5*q - 41. Let l be q/20 - (-1276)/(-10). Let x = l + 180. Calculate the remainder when x is divided by 18.
16
What is the remainder when 152 is divided by ((-33)/44)/((63/(-56))/9)?
2
Suppose u + 16 = 5*w, 0 = 4*w - u - 0*u - 12. Suppose 144 = 2*p - 2*n, -5*p - w*n = -300 - 96. Calculate the remainder when p is divided by 26.
24
Suppose -u = 46*c - 50*c + 673, 4*u - 648 = -4*c. Calculate the remainder when c is divided by 12.
11
Suppose -4*w = 2*f - 4, -2*f - w - 6 = -5*f. Suppose -5*v + 21 = -4*g + 8*g, -3*v + f*g = -17. Calculate the remainder when 13 is divided by v.
3
Let u = 20 + -18. Suppose -19 = u*w + 5. What is the remainder when 26 is divided by (-47)/(-3) + w/18?
11
Let q(w) = 2*w**2 + 8*w - 4. Let r be (4/((-16)/9))/(3/8). Calculate the remainder when 78 is divided by q(r).
18
Let a(u) = -u**3 + 4*u**2 - 5*u + 4. Let n be a(2). Suppose 22 + 2 = n*x. What is the remainder when 0 + 33 - 0/(-1) is divided by x?
9
Let j = -7 + 7. Suppose -3*u + 2 + 28 = j. Suppose 5*d + 2*t - 195 = 0, -5*t + 5 = -4*d + 161. Calculate the remainder when d is divided by u.
9
Suppose 11*i - 246 + 70 = 0. Suppose -3*g + 29 = -61. What is the remainder when g is divided by i?
14
Let b(r) = 3*r**2 + 3*r - 4. Let q be b(2). Suppose -11*n = -q*n + 159. Calculate the remainder when n is divided by 11.
9
Suppose -3*f - 57 = -0*f - 4*x, 21 = -f + 2*x. Calculate the remainder when 2 + -5 - -7 - -20 is divided by 192/15 + (-3)/f.
11
Let x(f) = -f**2 - 46*f - 48. What is the remainder when x(-33) is divided by 48?
45
Let y = -47 - -89. Let q = 7 + -11. Let l(t) = t**3 + 4*t**2 - 3*t - 1. What is the remainder when y is divided by l(q)?
9
Let d = 8 - -16. What is the remainder when d - -6 - (-5 + 2)*1 is divided by 7?
5
Let k be (-1 - 0/(-4))*0. Let g be (0 - k) + 4 - -3. Let l = 19 - g. Calculate the remainder when 34 is divided by l.
10
Suppose -2*j + 74 + 12 = 0. What is the remainder when j is divided by ((-18)/(-5))/((-6)/(-20))?
7
Suppose 3*r - 23 = -j, -5 + 110 = 5*j + 5*r. Calculate the remainder when 273 is divided by j.
13
Let i = 165 + -103. What is the remainder when i is divided by 25?
12
Suppose -2*k = o - 131, 5*k + 0*k - 4*o - 321 = 0. What is the remainder when 259 is divided by k?
64
Let m be -2*((-2)/4)/(-1). Let w be 0/(m - 0)*-1. Suppose -4*l + 0 + 16 = w. Calculate the remainder when 6 is divided by l.
2
Let f(c) = -c**3 + 15*c**2 - 56*c + 11. Calculate the remainder when (4/(-6))/(1/(-27)) is divided by f(7).
7
What is the remainder when 4/(-30) + 281677/165 is divided by 30?
27
Suppose 52 = 3*l + 4*d, -5*l - 16*d + 105 = -13*d. Calculate the remainder when 242 is divided by l.
2
Let j = -150 - -217. Let b be 4/(-2) + (-5)/(-1). What is the remainder when -2 + -1 + b + j is divided by 35?
32
Suppose 0 = 11*f - 10*f - 20. What is the remainder when 458 is divided by f?
18
Let y = 293 - 278. Let c = 63 - 16. Suppose -2*h = c - 165. What is the remainder when h is divided by y?
14
Suppose 5*q = f - 5*f + 502, -5*f = q - 638. Let c(s) = -s + 3. Calculate the remainder when 14/(-98) - f/(-14) is divided by c(0).
0
Suppose 0 = -t + w + 76, 0*t - 96 = -t - 4*w. What is the remainder when t is divided by 22?
14
Suppose 16*d + 198 = 22*d. Calculate the remainder when 921 is divided by d.
30
Suppose -3*s - 4*l - 44 = -5*s, 110 = 5*s - 5*l. Let q = 37 + -39. Calculate the remainder when s is divided by (-247)/(-26) + q/(-4).
2
Let k = -51 - 75. Let q = 180 + k. What is the remainder when q is divided by 19?
16
Suppose 8 = -5*w + 113. Suppose 2*r + w = 5*r. Let g = -9 + 20. Calculate the remainder when g is divided by r.
4
Let n(x) = -x + 5. Suppose -16 = -10*i - 56. Calculate the remainder when 28 is divided by n(i).
1
Let w = 725 + -598. What is the remainder when w is divided by 45?
37
Let t = 923 - 645. Calculate the remainder when t is divided by 31.
30
Let b = 149 - 85. Let y(z) be the third derivative of z**5/12 + z**3/3 - z**2. Calculate the remainder when b is divided by y(-2).
20
Suppose -125 = -g - 4*g. Let c = -22 - -29. What is the remainder when g is divided by c - (3 - -1) - -6?
7
Suppose 43*l - 16 = 42*l. Let x(q) = 2*q**3 - 6*q**2 + 4*q - 1. What is the remainder when x(4) is divided by l?
15
Let m(k) = 2*k - 4. Let i be m(-9). Let h be (i/55)/((-1)/30). Suppose -b + 0*t = -2*t - h, 60 = 5*b - 5*t. What is the remainder when 35 is divided by b?
11
Let o = -14 + 68. Calculate the remainder when o is divided by 20.
14
Let w be ((-6)/(-3) + -4)/(-1). Suppose -w*q = 3*m - 5*q, -5*m = 3*q + 16. Calculate the remainder when m/(3/(45/(-6))) is divided by 3.
2
Suppose 2 = -d - k + 4, -4*k = -2*d + 16. Suppose -d - 96 = -4*h. What is the remainder when 292/(-6)*3/(-2) is divided by h?
23
Suppose 5*n - 2*m = 248, -n + 78 - 26 = -m. Suppose -16*t + 24*t = n. What is the remainder when (-52)/(-3) + 2/(-6) is divided by t?
5
Let o(g) = -9*g - 2. Let j be o(-3). Suppose 0 = 5*l - 2*p - 362 - 33, 0 = -5*p - j. Let n(c) = -5*c + 1. What is the remainder when l is divided by n(-5)?
25
Suppose -25 = -0*c - 5*c. Let l be (-222)/(-42) + (-4)/14. Suppose 4*x + 4*p = l*p + 21, x - 19 = 3*p. What is the remainder when c is divided by x?
1
Let a(q) = q**3 - 10*q**2 + 6*q - 5. Suppose -5*k + 22 = -18. Calculate the remainder when a(10) is divided by k.
7
Let n(l) = -4*l**2 + 38*l - 39. Calculate the remainder when 1 - (-13)/(2 + -1) is divided by n(8).
5
Let g = -260 - -138. Let d = -117 - g. What is the remainder when d is divided by 2?
1
Calculate the remainder when 329 is divided by 44*(-5)/90*-9.
21
Let g(h) = 27*h + 697. Calculate the remainder when g(-13) is divided by 50.
46
Let s(n) = n**3 + 21*n**2 - 42*n + 125. What is th